 - 68174 = -149*d + 56736. Calculate the remainder when d is divided by 68.
1
Suppose -5*n = 3*w - 570, -4*n = -13*w + 16*w - 561. Suppose 0 = -s - 12. Calculate the remainder when w is divided by (-264)/9*s/8.
43
Suppose 58 + 68 = 18*a. Let n(q) = -13*q + 95. What is the remainder when 41 is divided by n(a)?
1
Let z = -22216 + 23105. Calculate the remainder when z is divided by 80.
9
Let d(b) = 8*b**2 - 80*b - 243. Calculate the remainder when 4963 is divided by d(-3).
64
Suppose -3*r = -5*j - 1899, -1752*j + 1754*j - 3227 = -5*r. Calculate the remainder when r is divided by 10.
3
Let i be (-2)/6 - (-21)/9. Suppose -30 = -i*t + 10. Let j(o) = o**2 - 21*o + 12. What is the remainder when t is divided by j(21)?
8
Let p(v) = v**3 - 24*v**2 + 90*v - 23. Let z be p(20). Let w = z + -171. Calculate the remainder when 63 is divided by w.
3
Let k(f) = -f**3 + 14*f**2 - 342*f + 4003. What is the remainder when k(12) is divided by 66?
55
Suppose w - 80 = -4*w. Suppose 24*h + 12 = 228. What is the remainder when w is divided by h?
7
What is the remainder when ((-2)/(12/(-226)))/((95/45)/19) is divided by 31?
29
Let m = 89 + -22. Suppose -90*v + 18852 = -8418. Suppose -801 = -48*r + v. What is the remainder when m is divided by r?
21
Let z(t) = 34*t - 100. Let m be z(4). Suppose -98*n = -96*n - m. Calculate the remainder when 25 is divided by n.
7
Let o(a) = 11*a - 174. Let q be o(16). Suppose 7 - 2 = 5*x, 606 = q*n - 4*x. What is the remainder when n is divided by 9?
8
Suppose -6374 = -34*n + 3860. Calculate the remainder when n is divided by 61.
57
Suppose 5*h + f = 776, -4*h + 5*f + 228 + 387 = 0. What is the remainder when 3719 is divided by h?
154
Let m be 1451/(-7) - ((-120)/28 - -4). Let w = -124 - m. What is the remainder when w is divided by 6?
5
What is the remainder when 768 is divided by 40/240 - 1/8*17456/(-12)?
40
Let b = -922 + 935. Let k be (-4)/2 - (-98)/14. Let t = k + -1. What is the remainder when b is divided by t?
1
Let y = 9 + -47. Let c = 75 + y. What is the remainder when c is divided by (-2780)/(-140) - (-30)/(-35)?
18
Suppose -5*o + 60 = -5*i, 4*i + 8 = 7*o - 8*o. Calculate the remainder when 119 is divided by o.
7
Suppose -2*g = 2*l - 62, 0 = -3*g - 4*l + 695 - 601. Suppose 3*s = -s + 336. Calculate the remainder when s is divided by g.
24
Let x be 1228/(-4) + -4 + 0. Let v = -206 - x. Suppose -9*a - v = -12*a. Calculate the remainder when a is divided by 19.
16
Suppose 0*x + 5*x = 120. Let c = 31 - 28. Suppose c*o - 210 = -4*p, 0*p = -o + 2*p + 70. Calculate the remainder when o is divided by x.
22
Let o be ((-3)/15)/((-1)/155). Suppose 2*d + 5*g - 32 = 0, d + 3*g = -o + 47. Calculate the remainder when 94 is divided by d.
14
Let j = 177 - 173. Let c(a) = 2*a**3 - 6*a**2 + 4*a - 3. Calculate the remainder when c(j) is divided by 17.
11
Suppose 4*i = -3*s + 136, 2*s + 68 = 4*s - 3*i. Let q be (-4)/5 - (-8349)/605. Suppose -q*h = -11*h - s. Calculate the remainder when 31 is divided by h.
11
Suppose -1952 = -2*z + 35*a - 31*a, 2*z + 3*a = 1917. What is the remainder when z is divided by 65?
56
What is the remainder when (230/92)/(6/872*2/21) is divided by 21?
14
Let a(q) = -q**3 + 8*q**2 - 5*q - 4. Let k = 39561 - 39327. What is the remainder when k is divided by a(4)?
34
Let q(t) = -4*t**3 - 99*t**2 - 81*t + 82. Calculate the remainder when q(-24) is divided by 10/((-2)/(4/(-2))).
8
Suppose -5*c + 15000 = 10*m, 4177 = 5*c + 2*m - 10807. Calculate the remainder when c is divided by 200.
196
Let a = 3967 + -3924. What is the remainder when 299 is divided by a?
41
Suppose 14 + 10 = -6*p + 42. What is the remainder when 720 is divided by p?
0
Suppose 0 = q + 3*s - 70, 1797 = -3*s + 1782. Calculate the remainder when 3314 is divided by q.
84
Suppose 5*k = 3*n + 3 - 0, 2*k + 14 = 5*n. Let c(h) = 2*h**2 + 21*h - 27. What is the remainder when n/(1 + -3) - -151 is divided by c(-13)?
35
Suppose -5*h - 72 - 8 = 5*r, 3*h - 5*r + 16 = 0. Let i be (14/6)/(-2*2/h). Calculate the remainder when 14 - i - (0 + 0) is divided by 3.
1
Let a = 26 + -23. Suppose -31 + 8 = -4*s + a*f, 26 = 4*s - 2*f. Suppose -s*p + p = -105. What is the remainder when 43 is divided by p?
13
Let f = -27147 + 27168. What is the remainder when 1 - -1 - -76 - -2 is divided by f?
17
Let c = 114 - 53. Let d = -19058 + 19300. Calculate the remainder when d is divided by c.
59
Suppose 3*y = 3*w - 195, w + 213*y - 208*y = 119. Calculate the remainder when 29376 is divided by w.
72
Let z(i) = 22*i**2 + 4*i. Suppose -r = -2*n + 3, -2*n + 9 = -3*r - 4*n. Calculate the remainder when z(r) is divided by 21.
18
Let a(z) = -23*z + 431. Calculate the remainder when (-4 - 4)/8 - 62/(-2) is divided by a(18).
13
Suppose -13 = -5*z + 7. Calculate the remainder when 156 + (14/(-4))/(48/(-192)) + -15 is divided by z.
3
Let v(d) = 36*d + 6794. What is the remainder when v(-163) is divided by 33?
2
Let y = 472 - 467. What is the remainder when 9 is divided by 128/56*(105/6)/y?
1
Let i(n) = -2*n + 3*n + 13 - 6*n. Let u be i(0). Let z = u - 1. Calculate the remainder when 59 is divided by z.
11
Let r = 13 + -7. Let o(x) = 2*x**3 - 7*x**2 - 3*x + 15. Let k(h) = h + 12. What is the remainder when o(r) is divided by k(3)?
12
Let k = 7 - -17. Suppose -h + k = -4*h. What is the remainder when 39 is divided by (-6 + 22)*(-10)/h?
19
Let b(t) = t**2 - 24*t + 94. Suppose 0 = 4*s + 13*s - 391. Calculate the remainder when b(s) is divided by 21.
8
Let p(y) = 8*y + 92. Let m(o) = 2*o + 1. Let n(b) = -5*m(b) - p(b). What is the remainder when 52 is divided by n(-6)?
8
Let b(i) = -2*i**2 + 5*i + 5. Let q be b(-5). Let f(t) = 28*t + 2380. Let w be f(-85). Let a = w - q. What is the remainder when a is divided by 37?
33
Let i = -4594 + 4894. What is the remainder when 36598 is divided by i?
298
Let v = 8581 + -8473. Let t(i) = i**3 + 8*i**2 + 5*i + 6. What is the remainder when v is divided by t(-6)?
12
Let y = -39 - -70. Calculate the remainder when -3*5/(-50) + (-16353)/(-90) is divided by y.
27
Let o(t) = t**2 + 67*t - 78. What is the remainder when o(-73) is divided by 121?
118
Let n be 3 + 9688/8 - (0 - 4). Calculate the remainder when n/35 + 1/5 is divided by 76/6*(-3)/(-2).
16
Let u = 9337 - 9215. Suppose 5*t = 5*n - 5, 0*n + n = 4*t - 5. Suppose -n*r - 40 = -5*r - x, -2 = -r + 4*x. What is the remainder when u is divided by r?
14
Let a = -220 + 223. Suppose -3*c + 39 = a*t, 4*t = 2*c - 4*c + 42. Calculate the remainder when 21 is divided by t.
5
Suppose 0 = v - 344 + 72. Suppose -924 = -117*q + 33*q. Calculate the remainder when v is divided by q.
8
Suppose 5*u + i - 346 = -89, 2*u - 98 = -2*i. Let v = 23 + u. Let k = -8 - -19. What is the remainder when v is divided by k?
9
Let w(i) = 178*i**3 - 2*i**2 + 4*i - 1. Let a be w(1). Let v = a + -168. Calculate the remainder when v is divided by 10.
1
Suppose 0 = -17*x + 5*x - 3*x + 150. What is the remainder when 395 is divided by x?
5
Let t be (9 + -8)*(-2 + 130). Suppose -9*u + u + t = 0. What is the remainder when 83 is divided by u?
3
Suppose 5*v + 7*j - 1060 = 0, -7*v - 212 = -8*v - j. What is the remainder when 839 is divided by v?
203
Suppose 15*f - 19*f - 124 = 0. Calculate the remainder when f/(4/24*-3) is divided by 24 + -2*(-20)/(-8).
5
Let x(c) = -c**2 + 8*c + 345. Calculate the remainder when x(21) is divided by 55.
17
Suppose f + 7*f - 24 = 0. Let q = 2 + f. Suppose -q*o + 4*x - 5*x + 238 = 0, 2*x = 4*o - 182. What is the remainder when 233 is divided by o?
45
What is the remainder when 1732*(14*4/80 + (-6)/30) is divided by 29?
25
Let g = -765 - -843. What is the remainder when g is divided by 40?
38
Suppose 5122 = -66*r - 60*r + 139*r. Calculate the remainder when r is divided by 135.
124
Let s = -389 + 709. Let z = s - 228. Calculate the remainder when z is divided by 16.
12
Let l(o) = -6*o**3 - 21*o + 5*o**3 + 4*o**2 + 60*o - 25*o**2 + 124. What is the remainder when l(-23) is divided by 16?
13
Let n = -639 - -3808. Calculate the remainder when n is divided by 10.
9
Let j = -23054 - -23064. Let m(s) = s**2 + 4*s + 6. Let w be m(-4). What is the remainder when -2*(-109)/w*3 is divided by j?
9
Let z = -12185 - -12206. Let a(c) = 24*c + 4. Calculate the remainder when a(5) is divided by z.
19
Suppose f - 36 + 20 = -l, 2*f = -l + 14. W